Calculate the remainder when 17 is divided by q.
2
Suppose 2*f - 6 - 10 = 0. Suppose -11931 = 62*x - 6603 - 6072. Calculate the remainder when x is divided by f.
4
Suppose x - 3*b + 21 = 2*x, -2*x = -3*b + 3. Suppose x*g - 30 = 4*g. Calculate the remainder when 37 is divided by g.
7
Let b = -259 - -254. Let v(m) = m**2 - 2*m + 1. What is the remainder when (0 - 15)*(-4)/(-10)*b is divided by v(4)?
3
Let q(b) = 49*b - 25. Calculate the remainder when q(2) is divided by ((-19)/(-2))/((-5)/(-10)).
16
Calculate the remainder when (4/(-14) - (-624634)/2093) + 4/(-26) is divided by 35.
18
Let z = -9 - -6. Let l(g) = 16*g**2 + 3*g + 2. What is the remainder when ((-1305)/(-60))/(z/(-8)) is divided by l(-1)?
13
Suppose 0 = -3*t + 12, -5*y + 0*t + t + 231 = 0. Let l = 30395 + -30301. Calculate the remainder when l is divided by y.
0
Let k = 64 - 62. Let y(u) = 8*u**2 - 7 - u**3 + k*u + 7*u**2 - 10*u**2. Calculate the remainder when 32 is divided by y(4).
15
What is the remainder when (575 - 3)*((-103)/(-22) - (-6)/(-33)) is divided by 2570?
4
What is the remainder when (-6705680)/1538*((-2 + 0)/(-2) - 2) is divided by 1448?
16
Let p(d) = 2*d**3 - 34*d**2 + 40*d - 39. Let c = -96 + 14. What is the remainder when p(16) is divided by c/(-8) + 5/(-20)?
9
Let z(p) = 30*p**3 - 2 - p + 9*p**2 + 1 - 24*p**3 - 4*p**2. Suppose -5*v + 4*b = -81, 2*v + 2*b - 33 - 3 = 0. Calculate the remainder when z(2) is divided by v.
14
Let m be (768/18 + -4)/(4/6). Suppose m*r + 133 = 65*r. Calculate the remainder when 130 is divided by r.
16
What is the remainder when 230 is divided by (861/(-44) - ((-36)/(-66))/3)*-4?
72
What is the remainder when (12989/(-2514))/(((-5)/(-246))/(-5)) is divided by 182?
179
Let m(y) = y - 6. Let d be m(9). Suppose -t - 3*r + 251 = 0, d*r = r + 8. What is the remainder when t is divided by 61?
56
Let t(d) = 7152*d + 7155. Calculate the remainder when 4/(1*1/37) is divided by t(-1).
1
Suppose -92*c + 102026 = 30992 - 40010. Calculate the remainder when c is divided by 93.
91
Let k(t) = 4*t**3 + 9*t**2 - 5*t + 24. Let x be k(6). Suppose 1188*n - 534 = x*n. Calculate the remainder when n is divided by (2/2)/(-1) + 11.
9
Let n = 24823 + -22267. What is the remainder when n is divided by 5?
1
Suppose -62*g - 7488 = -245*g - 9*g. Suppose 4*d - 1104 - 2004 = 0. Calculate the remainder when d is divided by g.
36
Let o = 5242 - 5146. Calculate the remainder when 2008 is divided by o.
88
Let b(v) = v**2 + 9*v + 22. Suppose 5*n + 43 = -y, -5*n + 5*y + 17 = -8*n. What is the remainder when 150 is divided by b(n)?
18
Let c(y) = 1300*y - 6637. What is the remainder when c(8) is divided by 19?
1
Let l(y) be the first derivative of -17*y**2/2 - 6*y - 4. Let u be l(-2). Suppose u*t = 31*t - 51. What is the remainder when 81 is divided by t?
13
Suppose 4*b + 1 = -3*v - 6, 0 = -2*v + 4*b + 22. Suppose 39 = 16*t - 13*t. What is the remainder when t is divided by v?
1
Let u(m) = -4*m - 2. Let y(z) = 25*z - 2. Let s(h) = -12*u(h) - 2*y(h). Let d = 32 - 23. Calculate the remainder when 39 is divided by s(d).
9
Suppose -22*l - 5*k = -17*l - 6570, l - 1319 = -2*k. Calculate the remainder when l is divided by 32.
29
Let w(b) = b**3 - 21*b**2 - 72*b + 1151. What is the remainder when 1424 is divided by w(22)?
47
What is the remainder when ((-59)/(4956/(-31032)))/((-1)/(-7)) is divided by 81?
75
Suppose 9 = 3*b - 3*u - 63, -2*b - 3*u + 48 = 0. Suppose 9*d + 16 = 10*d. Calculate the remainder when b is divided by d.
8
Let d = -7309 + 7322. Calculate the remainder when 163 is divided by d.
7
Let i be 28/(-70) + (-2)/(-5). What is the remainder when 630/12*(2 - i) is divided by 37?
31
Let o be (36/(-45) - 29/(-5)) + -21. Let h = 79 + o. What is the remainder when h is divided by 36?
27
Suppose 0 = -2*l + 47*q - 50*q + 877, 0 = -3*l + 3*q + 1278. Suppose r = -2*r + 327. Calculate the remainder when l is divided by r.
104
Suppose -21 = -5*k + 2*b + 83, 12 = 4*b. Let z = -45324 + 45369. Calculate the remainder when z is divided by k.
1
Let i(z) = 10*z**2 - 53*z - 34. Suppose 2*w + 5*u - 181 = 0, 0*w = -w + 4*u + 84. Calculate the remainder when w is divided by i(6).
0
Let v = 52 + -58. Let r = -11 - -24. What is the remainder when (v/2*37)/(-3 + 0) is divided by r?
11
Let r = 9 + 3. Let y = -633 - -847. What is the remainder when y is divided by r?
10
Let x(d) = d**3 - 10*d**2 + 14. Let s be x(9). Let p = s - -201. What is the remainder when p is divided by 71?
63
Let b = -390 + 368. Let p = b + 69. What is the remainder when p is divided by 8?
7
Let t be ((-33)/18 - -2) + (-34)/(-12). Let a be (3/(-9) + t)/(7/(-336)). Let z = a - -152. What is the remainder when z is divided by 5?
4
Let q be 683 + ((-4)/(-8) - 2)*2. Suppose 26*b = -14*b + q. Calculate the remainder when 27 is divided by b.
10
Let z(m) be the second derivative of m**4/6 - 13*m**3/6 + 13*m**2 - m - 10. What is the remainder when 47 is divided by z(6)?
7
Suppose 2*q - 4*k = -40, 0*q - k = -q - 25. Calculate the remainder when (-7)/((-14)/15)*(-2064)/q is divided by 37.
35
Let f = -13214 - -13221. What is the remainder when ((-2)/(-5))/(4/380) is divided by f?
3
Calculate the remainder when (146592/8)/18 - (1 - 1) is divided by 244.
42
Let y = -146 - -185. What is the remainder when y is divided by (2 - 1)/(((-33)/60)/(-11))?
19
Suppose -2*u = -u + g - 10, -3*g + 56 = 5*u. Suppose 3 + u = 4*t. Suppose f + 24 = 5*a + 2, -2*f = t. Calculate the remainder when 6 is divided by a.
2
Suppose -5*t - 44 - 28 = -2*c, 2*c + 4*t = 108. Calculate the remainder when 2801 is divided by c.
41
Let f = -156 - -159. Suppose 0 = 2*b - m - 10, 2*m = -b + f*m + 6. Calculate the remainder when 19 is divided by b.
3
Let r(m) = 1548*m - 1467. What is the remainder when 564 is divided by r(1)?
78
Calculate the remainder when -1 - (2 - (-17 + 1478)) is divided by 86.
82
Suppose -4*i - 2*s + 200 = 0, -11*i + 7*i = 3*s - 202. Calculate the remainder when 241 is divided by i.
45
Suppose -57*l = -53*l - 3*j - 6982, -4*l - 4*j = -6940. Calculate the remainder when l is divided by 435.
1
Let c(r) = r + 22. Let x = 967 + -880. What is the remainder when x is divided by c(11)?
21
Suppose -7*v + 3228 + 286 = 0. Calculate the remainder when v is divided by 14.
12
Let i = 9182 - 9172. What is the remainder when 2388 is divided by i?
8
Let u(p) = 2*p**2 - 204 + 204 + 5*p. Suppose 3*h - h = -5*d + 64, 2*h - d = 40. What is the remainder when u(-6) is divided by h?
20
Let s = -591 - -1017. What is the remainder when s is divided by (986/(-58) - -9) + 19?
8
Let l be (546/63)/((-4)/6) + -3. Let j(i) = -i**3 - 19*i**2 - 49*i + 1. Calculate the remainder when 97 is divided by j(l).
12
Suppose 75 = 2*n + 3*o, -n + 38 = 2*o - 0*o. Suppose -5*p + n = 4*w, 0 = 17*w - 21*w - 4*p + 36. Let l = 6 + -2. What is the remainder when w is divided by l?
1
Suppose -190*l = -160*l - 6450. Calculate the remainder when 947 is divided by l.
87
Suppose 0 = 4*t - 5*m - 48 - 37, 70 = 5*t + m. Suppose 0 = -7*s - t*s + 1672. What is the remainder when s is divided by 9?
4
Suppose -8*n - 52 = -52. Calculate the remainder when (-139)/(n - 3 - -2) is divided by 21.
13
Let v(j) = -5*j + 318. What is the remainder when 158 is divided by v(62)?
6
Let z = -26733 - -26783. Calculate the remainder when z is divided by (27/2)/(2/4).
23
Let t = -50 - -50. Suppose 0 = -z - 5*z - t*z. Suppose z = p - 24 - 14. What is the remainder when 188 is divided by p?
36
Let i(d) = -8*d - 81. Let g be i(-18). Suppose -g*c - 48 = -66*c. Calculate the remainder when 56 is divided by c.
8
Let p(w) = 15*w**3 - 3*w**2 + 1307*w - 6514. What is the remainder when p(5) is divided by 166?
161
Suppose 2*v + 179 - 1033 = -2*p, -1702 = -4*v - p. What is the remainder when v is divided by 114?
83
Suppose 48 = 3*w - 5*k - 42, 3*w - 2*k - 81 = 0. Let r(s) = -2*s + 87. Let u be r(37). Suppose -u + 64 = 3*p. Calculate the remainder when w is divided by p.
8
Let a = -2031 - -2038. Calculate the remainder when 261 is divided by a.
2
What is the remainder when (4 + (-1197)/(-7))*1 is divided by 66?
43
Let j = -205 - -204. Let n(s) = -21*s**3 + s**2 + 6*s + 6. Calculate the remainder when 109 is divided by n(j).
21
Let n(j) = j**3 - 28*j**2 - 72*j - 253. What is the remainder when n(31) is divided by 50?
48
Suppose -u 